hat is the highest common factor of 192550 and 10?
10
Calculate the highest common factor of 391 and 19688.
23
Calculate the highest common factor of 870 and 198070.
290
Calculate the greatest common factor of 5983525 and 710.
355
What is the highest common factor of 158480 and 460?
20
Calculate the highest common divisor of 29414 and 6237.
77
Calculate the greatest common factor of 25885 and 155.
155
What is the greatest common factor of 135 and 1040?
5
What is the highest common divisor of 669 and 5952?
3
What is the greatest common factor of 507 and 17407?
169
What is the highest common factor of 3879890 and 1204?
602
What is the highest common factor of 752256 and 576?
576
Calculate the greatest common divisor of 1005 and 95115.
15
Calculate the highest common factor of 205700 and 3910.
170
What is the greatest common divisor of 502 and 172939?
251
What is the greatest common factor of 69 and 148902?
69
Calculate the greatest common divisor of 37291 and 1513.
89
Calculate the greatest common factor of 14612 and 452.
4
Calculate the highest common factor of 52 and 2878252.
52
What is the highest common divisor of 63272 and 28?
4
Calculate the highest common factor of 18681 and 39.
39
Calculate the greatest common factor of 1025 and 1517.
41
What is the highest common factor of 1104 and 48264?
24
Calculate the greatest common factor of 1855904 and 5664.
1888
What is the greatest common divisor of 330 and 545985?
165
Calculate the highest common factor of 121344 and 8295.
237
Calculate the highest common divisor of 3981 and 12.
3
Calculate the greatest common factor of 53 and 367926.
53
What is the greatest common divisor of 1968 and 5136?
48
Calculate the highest common divisor of 1919 and 90799.
101
What is the greatest common factor of 642394 and 74?
74
Calculate the highest common factor of 10854 and 200394.
162
What is the greatest common factor of 166068 and 378?
126
Calculate the greatest common factor of 44529 and 3.
3
What is the highest common divisor of 3082 and 44488?
134
What is the highest common factor of 232322 and 136?
34
Calculate the highest common divisor of 30093 and 147.
21
What is the greatest common divisor of 35 and 223265?
35
What is the highest common factor of 1084383 and 426?
213
What is the highest common divisor of 13184 and 896?
128
What is the highest common factor of 456 and 11400?
456
Calculate the highest common factor of 8512 and 11984.
112
Calculate the highest common divisor of 2107809 and 18.
9
Calculate the highest common factor of 68 and 2867832.
68
Calculate the greatest common factor of 293 and 3.
1
Calculate the greatest common divisor of 1194138 and 792.
198
Calculate the highest common divisor of 1239 and 885.
177
Calculate the highest common divisor of 5198232 and 52.
52
Calculate the highest common factor of 851 and 2146.
37
Calculate the highest common factor of 43659 and 2009.
49
Calculate the highest common divisor of 26125 and 11286.
209
Calculate the greatest common factor of 124128 and 27.
9
Calculate the highest common factor of 910 and 5110.
70
Calculate the highest common divisor of 132628 and 1136.
284
What is the highest common divisor of 340028 and 14872?
676
Calculate the highest common divisor of 86751 and 952.
119
What is the greatest common factor of 396 and 244299?
33
Calculate the greatest common divisor of 267744 and 384.
96
Calculate the highest common factor of 44697 and 423.
141
Calculate the greatest common factor of 53046 and 12894.
42
What is the greatest common divisor of 88 and 2632740?
44
What is the highest common factor of 36295 and 238?
119
Calculate the greatest common factor of 30494 and 316.
158
What is the greatest common factor of 675 and 23550?
75
Calculate the highest common divisor of 2737 and 1288.
161
What is the highest common factor of 6400 and 19600?
400
What is the highest common divisor of 4384 and 6850?
274
Calculate the greatest common factor of 3758898 and 1352.
338
What is the highest common factor of 245 and 47236?
49
Calculate the highest common factor of 6965 and 175.
35
Calculate the greatest common factor of 5876234 and 364.
182
What is the highest common factor of 82 and 50058?
2
What is the highest common divisor of 1692 and 49896?
36
Calculate the greatest common divisor of 101259 and 9.
9
What is the highest common factor of 4736 and 23136?
32
Calculate the highest common factor of 161112 and 120.
24
Calculate the highest common divisor of 175 and 595.
35
Calculate the greatest common divisor of 6552 and 148239.
819
Calculate the greatest common divisor of 585 and 3965.
65
What is the highest common factor of 28 and 1833230?
14
What is the greatest common factor of 12 and 124980?
12
Calculate the highest common factor of 174 and 167286.
6
What is the highest common factor of 424 and 71020?
212
Calculate the greatest common divisor of 19441127 and 47.
47
What is the greatest common factor of 448 and 39872?
448
What is the highest common factor of 726 and 231?
33
Calculate the highest common factor of 420 and 2050380.
60
What is the greatest common factor of 915 and 18483?
183
Calculate the greatest common divisor of 174881 and 1568.
49
What is the greatest common factor of 640398 and 10912?
682
Calculate the greatest common factor of 14 and 146664.
14
What is the highest common divisor of 69255 and 1995?
285
Calculate the highest common factor of 7622 and 102176.
206
Calculate the greatest common divisor of 11805 and 75.
15
Calculate the greatest common divisor of 8374 and 318.
106
Calculate the highest common factor of 3360256 and 512.
512
What is the greatest common factor of 34 and 18394?
34
Calculate the highest common factor of 14 and 954359.
7
Calculate the highest common factor of 5054 and 56.
14
What is the greatest common divisor of 24307 and 892?
223
What is the greatest common factor of 75559 and 99?
11
What is the greatest common divisor of 185628 and 4092?
372
Calculate the greatest common factor of 2197854 and 162.
162
What is the highest common divisor of 106 and 30210?
106
Calculate the greatest common factor of 1134 and 22.
2
What is the greatest common divisor of 1210 and 2194?
2
What is the greatest common divisor of 1737 and 9486?
9
Calculate the highest common divisor of 96411 and 987.
21
Calculate the greatest common factor of 11819 and 2453.
223
Calculate the greatest common factor of 27951 and 1848.
231
Calculate the highest common divisor of 6547658 and 52.
26
What is the greatest common divisor of 425 and 525?
25
Calculate the highest common divisor of 6856 and 16.
8
What is the greatest common divisor of 487830 and 101?
101
Calculate the highest common factor of 1984 and 832.
64
Calculate the highest common divisor of 240 and 161400.
120
Calculate the highest common factor of 1480 and 254005.
185
What is the greatest common divisor of 8908 and 187?
17
Calculate the highest common divisor of 139611 and 3633.
519
Calculate the highest common factor of 258 and 71122.
86
Calculate the highest common divisor of 222 and 324934.
74
What is the highest common factor of 425 and 14850?
25
Calculate the highest common factor of 705 and 285.
15
Calculate the greatest common factor of 5504356 and 8.
4
What is the highest common factor of 1045 and 3040?
95
What is the highest common factor of 117 and 22009?
13
Calculate the highest common factor of 70 and 644294.
14
What is the greatest common divisor of 420 and 26516?
28
What is the greatest common factor of 909 and 549?
9
Calculate the highest common divisor of 237654 and 18582.
978
What is the highest common divisor of 64953 and 567?
63
Calculate the highest common factor of 21900 and 300.
300
Calculate the greatest common factor of 1399 and 1975388.
1399
What is the highest common divisor of 634 and 923738?
634
Calculate the highest common factor of 256023 and 45.
9
What is the greatest common divisor of 60 and 340170?
30
Calculate the highest common factor of 872 and 94.
2
Calculate the greatest common factor of 103 and 1410997.
103
Calculate the greatest common factor of 9180 and 41480.
340
Calculate the greatest common factor of 11742 and 2109.
57
What is the highest common divisor of 67740 and 2820?
60
Calculate the highest common factor of 54775 and 1252.
313
C